d 20.
10
What is the highest common divisor of 114 and 1216?
38
What is the greatest common divisor of 2961 and 94?
47
Calculate the greatest common divisor of 141 and 3.
3
Calculate the highest common factor of 84 and 390.
6
Calculate the greatest common factor of 64220 and 13.
13
Calculate the greatest common divisor of 240 and 7080.
120
Calculate the highest common divisor of 597 and 796.
199
What is the highest common divisor of 55 and 1595?
55
Calculate the highest common factor of 70 and 595.
35
What is the highest common factor of 936 and 3432?
312
What is the highest common divisor of 2059 and 29?
29
Calculate the highest common factor of 420 and 168.
84
Calculate the highest common divisor of 4172 and 84.
28
Calculate the greatest common factor of 85 and 51.
17
What is the highest common factor of 42 and 7266?
42
What is the greatest common divisor of 1817 and 316?
79
Calculate the highest common factor of 8 and 72.
8
Calculate the greatest common factor of 486 and 216.
54
Calculate the highest common divisor of 12 and 170.
2
What is the highest common factor of 26 and 2?
2
Calculate the greatest common divisor of 489 and 108.
3
Calculate the greatest common factor of 9588 and 34.
34
Calculate the greatest common factor of 36 and 372.
12
Calculate the greatest common factor of 232 and 24.
8
What is the highest common divisor of 560 and 20?
20
What is the greatest common divisor of 17 and 51?
17
Calculate the highest common factor of 18 and 56.
2
What is the greatest common factor of 675 and 135?
135
Calculate the highest common factor of 75 and 4675.
25
What is the greatest common factor of 335 and 15?
5
What is the highest common divisor of 5 and 150?
5
Calculate the highest common factor of 1060 and 80.
20
Calculate the greatest common divisor of 1254 and 57.
57
Calculate the greatest common divisor of 50 and 70.
10
What is the highest common factor of 1393 and 7?
7
What is the highest common divisor of 25 and 5?
5
What is the greatest common divisor of 17030 and 524?
262
What is the highest common divisor of 1591 and 43?
43
What is the highest common divisor of 492 and 615?
123
Calculate the highest common divisor of 12 and 1686.
6
What is the highest common factor of 3667 and 38?
19
What is the greatest common factor of 34 and 14722?
34
What is the greatest common factor of 9469 and 17?
17
Calculate the highest common factor of 33785 and 145.
145
Calculate the highest common factor of 54 and 450.
18
Calculate the greatest common divisor of 1016 and 1651.
127
What is the greatest common factor of 20 and 100?
20
Calculate the greatest common factor of 19 and 38.
19
Calculate the highest common divisor of 2052 and 1404.
108
Calculate the highest common divisor of 196 and 126.
14
Calculate the greatest common factor of 1442 and 98.
14
What is the highest common divisor of 231 and 21?
21
Calculate the highest common divisor of 16 and 10256.
16
Calculate the greatest common factor of 42 and 30.
6
What is the highest common factor of 1446 and 6?
6
Calculate the greatest common divisor of 5120 and 72.
8
Calculate the highest common divisor of 4399 and 249.
83
What is the highest common divisor of 1575 and 70?
35
Calculate the highest common divisor of 39 and 45565.
13
What is the greatest common divisor of 875 and 7?
7
Calculate the greatest common factor of 576 and 64.
64
What is the greatest common divisor of 7 and 4193?
7
What is the greatest common divisor of 42 and 483?
21
What is the highest common factor of 11 and 59?
1
What is the highest common factor of 80 and 64?
16
Calculate the greatest common factor of 92 and 207.
23
Calculate the greatest common divisor of 5918 and 55.
11
What is the highest common divisor of 156 and 24?
12
Calculate the highest common factor of 20 and 1660.
20
What is the greatest common factor of 55 and 44?
11
What is the greatest common factor of 408 and 48?
24
Calculate the greatest common divisor of 60 and 12.
12
Calculate the greatest common divisor of 558 and 62.
62
Calculate the highest common factor of 44 and 116.
4
What is the highest common factor of 10 and 15?
5
What is the greatest common divisor of 68 and 17?
17
Calculate the highest common divisor of 1419 and 3741.
129
Calculate the greatest common factor of 456 and 38.
38
Calculate the highest common divisor of 58 and 4.
2
What is the greatest common divisor of 169 and 1742?
13
Calculate the greatest common factor of 3753 and 513.
27
Calculate the greatest common divisor of 1088 and 3128.
136
What is the highest common factor of 8 and 11432?
8
What is the highest common divisor of 110 and 2000?
10
Calculate the highest common factor of 1 and 139.
1
Calculate the greatest common factor of 10 and 58.
2
Calculate the highest common divisor of 2592 and 2808.
216
What is the highest common factor of 16 and 12592?
16
What is the greatest common divisor of 774 and 234?
18
What is the greatest common divisor of 2046 and 11?
11
Calculate the greatest common divisor of 12 and 132.
12
What is the greatest common factor of 13976 and 4?
4
What is the greatest common divisor of 682 and 484?
22
Calculate the highest common divisor of 75977 and 11.
11
Calculate the greatest common factor of 80 and 1420.
20
Calculate the highest common divisor of 3 and 135.
3
What is the highest common divisor of 85 and 5?
5
What is the highest common factor of 3775 and 125?
25
Calculate the greatest common divisor of 33 and 176.
11
What is the highest common factor of 17 and 8075?
17
What is the greatest common factor of 11 and 2453?
11
What is the highest common factor of 38 and 734?
2
What is the greatest common factor of 15345 and 310?
155
Calculate the highest common factor of 8911 and 266.
133
Calculate the highest common factor of 14 and 1442.
14
What is the greatest common divisor of 388 and 10?
2
What is the highest common factor of 35 and 35?
35
What is the greatest common factor of 518 and 378?
14
Calculate the highest common factor of 78 and 741.
39
What is the greatest common divisor of 444 and 84?
12
Calculate the greatest common divisor of 707 and 11211.
101
Calculate the greatest common factor of 550 and 1270.
10
Calculate the highest common divisor of 55 and 295.
5
What is the highest common divisor of 180 and 864?
36
Calculate the highest common divisor of 91992 and 12.
12
What is the highest common factor of 1815 and 2640?
165
What is the highest common factor of 231 and 33?
33
Calculate the greatest common divisor of 30 and 6.
6
What is the highest common divisor of 1560 and 1482?
78
What is the highest common divisor of 744 and 48?
24
What is the greatest common factor of 117 and 27?
9
What is the greatest common factor of 741 and 78?
39
What is the greatest common divisor of 5912 and 24?
8
What is the greatest common factor of 528 and 2409?
33
Calculate the greatest common factor of 204 and 1088.
68
Calculate the greatest common factor of 2751 and 21.
21
What is the greatest common factor of 92 and 15548?
92
What is the highest common divisor of 60 and 5620?
20
What is the highest common factor of 40 and 50?
10
What is the highest common factor of 6743 and 11?
11
What is the highest common factor of 352 and 44?
44
Calculate the highest common factor of 33 and 43791.
33
What is the highest common factor of 20 and 490?
10
What is the highest common factor of 101 and 34542?
101
Calculate the greatest common divisor of 267 and 5696.
89
What is the greatest common divisor of 8 and 8?
8
Calculate the highest common factor of 56 and 7.
7
Calculate the greatest common factor of 187 and 55.
11
Calculate the highest common divisor of 7651 and 7.
7
Calculate the greatest common divisor of 88 and 82676.
44
What is the greatest common factor of 1398 and 6?
6
What is the greatest common divisor of 35 and 11795?
35
Calculate the highest common divisor of 455 and 7.
7
What is the highest common divisor of 45 and 3987?
9
Calculate the highest common factor of 1 and 365.
1
What is the greatest common divisor of 1927 and 1081?
47
What is the greatest common factor of 57 and 5757?
57
What is the greatest common divisor of 1496 and 11407?
187
What is the highest common divisor of 1054 and 102?
34
Calculate the highest common factor of 90 and 270.
90
What is the highest